 u(11).
-251
Let v(s) = s**3 + 41*s**2 - 8566*s - 337116. Calculate v(-39).
0
Let u(x) = 349*x - 35384. Calculate u(102).
214
Let a(u) = -2*u**3 + 933*u**2 + 10430*u - 819. Give a(-11).
6
Let q(s) = 145*s**2 - 14212*s + 41532. Give q(95).
17
Let g(x) = -12*x**3 - 822*x**2 - 406*x + 186. Give g(-68).
50
Let o(a) = -716*a**2 - 1982*a - 1989. What is o(-1)?
-723
Let w(k) = -48*k**2 - 15100*k - 36. Give w(0).
-36
Let y(i) = -9*i**3 + 468*i**2 + 8*i - 281. Determine y(52).
135
Let g(d) = -d**3 - 22*d**2 - 22*d + 387. Give g(-19).
-278
Let o(y) = -518*y + 219. Give o(1).
-299
Let k(f) = -237*f + 4592. Give k(15).
1037
Let i(y) = -15*y**3 + 173*y**2 + 63*y + 371. Determine i(12).
119
Let a(h) = 587*h + 2396. Determine a(-4).
48
Let a(j) = 2*j**3 + 1259*j**2 + 3162*j + 16703. Determine a(-627).
-226
Let j(r) = r**3 - 14*r**2 - 27*r + 627. Determine j(11).
-33
Let i(y) = 9*y**2 - 880*y + 6592. Give i(8).
128
Let j(z) = -2158*z - 43139. Give j(-20).
21
Let q(v) = -v**3 - 230*v**2 + 458*v + 625. Determine q(-232).
2017
Let t(a) = -a**2 + 1790*a - 7123. Determine t(4).
21
Let v(u) = 4*u**2 - 2512*u + 106345. What is v(582)?
-743
Let o(s) = -5658*s - 39600. What is o(-7)?
6
Let a(m) = 12227*m + 831430. Calculate a(-68).
-6
Let u(s) = -368*s - 15165. Determine u(-41).
-77
Let d(r) = 24*r**3 - 1241*r**2 - 339*r - 233. Calculate d(52).
1067
Let k(t) = 4*t**2 - 1298*t + 11699. Give k(9).
341
Let s(c) = 37460*c - 224760. Give s(6).
0
Let f(u) = -2830*u + 93443. What is f(33)?
53
Let d(t) = -2*t**3 - 92*t**2 + 291*t - 8. Calculate d(3).
-17
Let v(h) = h**3 - 30*h**2 - 17220*h + 296502. Give v(17).
5
Let d(r) = -r**3 + 98*r**2 - 118*r + 2082. Determine d(97).
45
Let x(m) = 9172*m + 26551. What is x(-3)?
-965
Let y(u) = 7078*u + 35327. What is y(-5)?
-63
Let y(v) = 23*v**3 - 52*v**2 + 29*v - 81. Give y(4).
675
Let i(n) = 48482*n - 96977. Give i(2).
-13
Let o(u) = 12535*u + 112806. Calculate o(-9).
-9
Let n(i) = i**3 + 49*i**2 - 170*i + 2246. Give n(-53).
20
Let k(i) = -i**3 - 273*i**2 + 11126*i - 55. Give k(36).
17
Let j(n) = -n**2 + 1736*n - 27496. Calculate j(16).
24
Let x(d) = -d**3 + 105*d**2 + 1272*d + 329. Give x(116).
-135
Let u(x) = -2*x**3 + 49*x**2 - 355*x + 6686. Determine u(23).
108
Let k(u) = -2*u**3 + 99*u**2 - 901*u - 3987. Determine k(35).
3
Let w(q) = -q**2 + 183*q + 3576. Determine w(-18).
-42
Let h(m) = -13272*m - 39846. Determine h(-3).
-30
Let w(q) = -2*q**3 - 107*q**2 - 271*q + 215. Determine w(-51).
1031
Let x(p) = 5*p**2 - 1775*p - 4752. Determine x(358).
618
Let r(s) = 58*s + 742. Calculate r(-13).
-12
Let p(j) = -j**2 - 47*j + 58. Give p(-20).
598
Let q(z) = 804*z + 114816. Calculate q(-143).
-156
Let l(y) = 10*y + 1073. What is l(-41)?
663
Let p(c) = -c**3 - 26*c**2 - 216*c - 7092. Give p(-28).
524
Let k(y) = y**2 + 235*y + 13795. What is k(-112)?
19
Let p(v) = 265*v - 21670. What is p(85)?
855
Let k(g) = -g**3 - 15*g**2 - 42*g - 72. What is k(-12)?
0
Let f(g) = -4*g**3 - 55*g**2 + 604*g + 7348. Calculate f(-16).
-12
Let b(s) = -s**3 - 298*s**2 - 3328*s - 129024. Determine b(-288).
0
Let d(l) = -20784*l - 1745850. Give d(-84).
6
Let w(v) = -39*v**3 - 5780*v**2 - 1184*v - 14. What is w(-148)?
-14
Let m(c) = -6*c**2 - 149*c + 10. What is m(-26)?
-172
Let p(n) = -2*n**3 + 33*n**2 - 308*n + 2409. Give p(12).
9
Let g(f) = -f**2 + 632*f + 13884. What is g(-21)?
171
Let s(n) = -25847*n + 1628320. Calculate s(63).
-41
Let j(z) = -414356*z + 1243074. Calculate j(3).
6
Let t(r) = r**2 - 310*r + 17654. Determine t(235).
29
Let j(p) = 33*p**2 - 4081*p - 60280. Give j(137).
0
Let v(p) = -259*p - 7643. What is v(-32)?
645
Let b(j) = 674*j - 17665. Calculate b(27).
533
Let k(j) = j**2 + 1898*j + 24762. Determine k(-13).
257
Let v(w) = -344236*w - 58175885. Calculate v(-169).
-1
Let k(z) = 154*z - 10018. Calculate k(65).
-8
Let c(r) = 5*r**3 - 63*r**2 + 20*r + 52. Give c(12).
-140
Let f(x) = 16*x**2 - 79*x - 2988. Determine f(-17).
2979
Let y(n) = 10*n**2 + 6200*n - 37553. What is y(-626)?
7
Let j(s) = -19*s**2 - 220*s - 898. Determine j(-5).
-273
Let x(o) = -272*o - 21091. What is x(-77)?
-147
Let m(o) = -44*o**2 - 9*o - 169. Determine m(-11).
-5394
Let p(f) = -10*f**3 - 568*f**2 + 547*f + 22. Determine p(1).
-9
Let k(p) = p**3 - 94*p**2 - 1767*p - 95. What is k(110)?
-865
Let w(o) = o**3 + 146*o**2 + 253*o + 80974. What is w(-148)?
-278
Let l(i) = -3*i**3 + i**2 + 91*i - 5. Determine l(10).
-1995
Let v(z) = 551*z + 7607. What is v(-11)?
1546
Let n(a) = a**3 + 99*a**2 + 986*a + 1089. Give n(-88).
-495
Let b(a) = -399*a**3 - 2392*a**2 + 21*a + 57. Determine b(-6).
3
Let r(y) = -y**3 - 228*y**2 - 6142*y + 25477. Determine r(-196).
-3
Let n(p) = 67*p**2 - 454*p + 14. Calculate n(8).
670
Let p(l) = -3*l**2 + 619*l + 24252. Determine p(240).
12
Let g(q) = -75*q + 768. Give g(63).
-3957
Let c(h) = h**3 + 23*h**2 - 340*h - 5108. Calculate c(-31).
-2256
Let u(m) = -553*m**2 + 155456*m - 17699. Calculate u(281).
4
Let s(x) = x**3 + 16*x**2 + 32*x - 55. Calculate s(-13).
36
Let d(h) = 2*h**2 - 6816*h + 747. Determine d(0).
747
Let u(b) = -b**2 - 1298*b + 931351. Calculate u(514).
-17
Let x(k) = k**2 - 14140*k + 282173. Determine x(20).
-227
Let j(g) = -1412*g - 4111. Calculate j(-3).
125
Let g(u) = -606*u**3 - u**2 + 10*u - 9. Give g(1).
-606
Let h(y) = -7*y**3 + 628*y**2 + 180*y - 11. Determine h(90).
-11
Let g(x) = -31*x**2 + 29*x - 268. Determine g(6).
-1210
Let r(z) = -z**2 + 190*z - 2026. Calculate r(184).
-922
Let l(a) = 5679*a**2 - 283943*a - 341. What is l(50)?
9
Let h(d) = d**3 - 26*d**2 - 23389*d + 516498. What is h(22)?
4
Let g(z) = -z**2 + 291384*z - 3205109. What is g(11)?
-6
Let z(o) = 63*o**2 + 461*o + 2778. Calculate z(-6).
2280
Let r(w) = -w**3 - 22*w**2 - 340*w - 5392. Determine r(-19).
-15
Let r(p) = -2646*p + 1060. What is r(2)?
-4232
Let c(d) = -17*d**3 - 1415*d**2 - 277*d + 4577. Calculate c(-83).
12
Let p(s) = -2*s**2 - 7344*s + 51516. Calculate p(7).
10
Let d(j) = 291*j + 1051. Give d(-6).
-695
Let u(j) = -j**3 - 71*j**2 - 1258*j + 57. Determine u(-29).
1217
Let p(s) = -121036*s + 121081. Calculate p(1).
45
Let w(m) = 328*m - 43845. Give w(134).
107
Let z(n) = -2231*n - 72331. Determine z(-33).
1292
Let k(b) = 11*b**3 + 285*b**2 + 1587*b + 59. Calculate k(-8).
-29
Let d(o) = -2*o**3 + 623*o - 2983. Determine d(5).
-118
Let t(j) = 61658*j + 801568. Calculate t(-13).
14
Let a(g) = -g**3 - 64*g**2 - 81*g - 1439. Give a(-63).
-305
Let m(w) = -6784*w + 81387. Calculate m(12).
-21
Let v(b) = b**3 + 136*b**2 - 252*b + 2352. Calculate v(-138).
-960
Let j(o) = 36*o**2 - 135*o + 419. Give j(3).
338
Let u(y) = -y**3 - 224*y**2 - 215*y + 1876. Determine u(-223).
92
Let v(i) = 3*i**3 - 442*i**2 + 581*i + 354. Give v(146).
-84
Let o(j) = -1122*j + 1592. What is o(0)?
1592
Let k(t) = t**3 + 332*t**2 + 4761*t + 2065. Give k(-317).
163
Let r(z) = -8902*z - 1548946. Determine r(-174).
2
Let a(r) = -1509*r + 3235. Determine a(3).
-1292
Let g(m) = m**3 + 44*m**2 - 27596*m + 27345. Calculate g(-190).
-15
Let g(k) = -420*k**2 - 56351*k - 9509. Determine g(-134).
5
Let u(t) = -16*t**2 + 24*t - 3. Give u(2).
-19
Let t(v) = -6*v**2 + 50846*v + 1172641. Give t(-23).
9
Let l(g) = 2*g**3 + 73*g**2 + 641*g - 20. Calculate l(-15).
40
Let h(l) = -1358074*l - 8148446. What is h(-6)?
-2
Let j(t) = 2266*t**2 - t + 2037. What is j(0)?
2037
Let l(b) = b**3 - 196*b**2 - 24*b + 4777. Give l(196).
73
Let q(z) = -17*z**2 - 796*z + 4397. What is q(5)?
-8
Let d(h) = 2*h**2 + 587*h - 112895. What is d(-426)?
-5
Let s(c) = -4173*c - 647715. Give s(-155).
-900
Let n(m) = -11339*m + 192760. What is n(17)?
-3
Let x(k) = -730*k - 163531. Calculate x(-224).
-11
Let x(c) = 330*c - 17741. What is x(47)?
-2231
Let l(f) = 989*f - 248226. Calculate l(251).
13
Let c(l) = -7665*l + 138067. Determine c(18).
97
Let l(s) = -2*s**3 + 83*s**2 + 1562*s - 252. Calculate l(-14).
-364
Let j(n) = 426*n - 8638. Determine j(22).
734
Let q(a) = 126*a + 972. Calculate q(-5).
342
Let a(q) = -2*q**3 - 35*q**2 + 386*q + 6257. Give a(-19).
6
Let i(d) = -d**2 + 308*d - 11466. Determine i(44).
150
Let i(s) = -s**3 + 433*s**2 + 1326*s - 7846. Give i(436).
2
Let x(j) = j**3 + 839*j**2 - 2316*j + 176790. What is x(-842)?
-30
Let z(n) = -114*n**2 + 440*n + 84. Calculate z(4).
20
Let k(y) = -y**3 - 12*y**2 - 42*y